
True
Is 11663527 composite?
False
Is 3228241 a composite number?
False
Is 2719969 composite?
True
Is 129569686 a prime number?
False
Is 68966891 composite?
True
Is 118750363 prime?
False
Is 1076459713 a composite number?
True
Is 70528223 a composite number?
True
Is 25655613 a prime number?
False
Is 1996427 a prime number?
True
Is 243875971 prime?
False
Is 42877777 a composite number?
False
Is 55234401 a composite number?
True
Is 4791777 a composite number?
True
Is 7209031 a composite number?
False
Is 2072611 prime?
False
Is 45714587 a prime number?
True
Is 19875269 a prime number?
False
Is 2202853 prime?
True
Is 40082221 prime?
True
Is 195084853 a prime number?
True
Is 256313359 composite?
True
Is 33465853 a prime number?
True
Is 30560239 a composite number?
False
Is 324257531 prime?
False
Is 126048149 prime?
False
Is 15943931 a prime number?
True
Is 96261287 prime?
True
Is 4479581 prime?
True
Is 57166679 prime?
False
Is 1868285 composite?
True
Is 5650691 a composite number?
False
Is 5253581 a prime number?
False
Is 5233859 a composite number?
True
Is 25993709 a composite number?
True
Is 16098389 a prime number?
True
Is 1128291 a prime number?
False
Is 196384865 prime?
False
Is 143436703 a composite number?
False
Is 6810841 composite?
False
Is 2870111 prime?
False
Is 204510277 a composite number?
True
Is 67913819 a composite number?
False
Is 291495851 a composite number?
False
Is 408071 composite?
False
Is 15991501 composite?
False
Is 4971799 a composite number?
True
Is 46665259 prime?
True
Is 4219123 a prime number?
False
Is 18666673 a composite number?
True
Is 97632323 composite?
False
Is 197279573 composite?
False
Is 413009 a composite number?
False
Is 13102465 a prime number?
False
Is 1137161 prime?
True
Is 23829913 composite?
True
Is 40383781 composite?
True
Is 483823 a prime number?
False
Is 1098293 a prime number?
False
Is 79553993 a prime number?
True
Is 20667821 prime?
False
Is 76637 composite?
True
Is 8279363 a composite number?
True
Is 217529657 prime?
True
Is 19193381 composite?
False
Is 2191217 a prime number?
False
Is 103350343 a composite number?
False
Is 77785559 composite?
True
Is 300573167 composite?
False
Is 1211051 a prime number?
True
Is 8690767 a composite number?
False
Is 638080213 prime?
True
Is 20953643 prime?
True
Is 35842003 a prime number?
False
Is 8282903 a composite number?
False
Is 5017997 a prime number?
True
Is 274585433 composite?
True
Is 386957 a composite number?
True
Is 42007463 a prime number?
True
Is 12899951 a composite number?
False
Is 115773701 prime?
True
Is 597971 a prime number?
False
Is 794758433 prime?
False
Is 13026527 prime?
False
Is 5824999 a composite number?
True
Is 2260483 a composite number?
False
Is 3329129 a composite number?
False
Is 633923 composite?
False
Is 2481013 a composite number?
False
Is 497623 a composite number?
True
Is 1030627 a prime number?
False
Is 4316987 a composite number?
True
Is 488119 prime?
True
Is 12918947 a composite number?
True
Is 336096847 composite?
False
Is 29367853 a composite number?
False
Is 3091481 a composite number?
False
Is 16583183 composite?
False
Is 14520538 a prime number?
False
Is 1537109 a composite number?
True
Is 472113097 composite?
True
Is 7246691 a composite number?
False
Is 14047817 composite?
True
Is 169340707 composite?
False
Is 11589637 a prime number?
True
Is 2423794 prime?
False
Is 45173273 a composite number?
True
Is 1347334 prime?
False
Is 5561317 prime?
False
Is 130289119 composite?
True
Is 772843 a composite number?
False
Is 145038319 composite?
False
Is 334996499 prime?
False
Is 495971 a prime number?
False
Is 157349 a prime number?
True
Is 32145745 prime?
False
Is 423880811 composite?
True
Is 4677917 composite?
False
Is 2338997 prime?
True
Is 9337943 composite?
False
Is 938167 prime?
False
Is 19928537 a composite number?
True
Is 301099 a composite number?
True
Is 213869573 a prime number?
False
Is 104622571 a composite number?
True
Is 856433 a prime number?
False
Is 13675699 a composite number?
True
Is 2920373 composite?
True
Is 203121029 prime?
False
Is 9456563 prime?
True
Is 2233351 a composite number?
True
Is 1210733 a composite number?
True
Is 543863 composite?
True
Is 16373177 a composite number?
True
Is 187942211 composite?
False
Is 91072411 a prime number?
True
Is 22313 composite?
True
Is 14250179 a composite number?
True
Is 651462505 a prime number?
False
Is 45067247 a prime number?
False
Is 230922677 a composite number?
False
Is 5500419 a prime number?
False
Is 3568823 composite?
True
Is 5748707 a prime number?
True
Is 4580857 composite?
True
Is 1430055949 prime?
False
Is 410890169 prime?
True
Is 14616079 prime?
True
Is 126850081 prime?
False
Is 6534131 prime?
True
Is 7668767 composite?
True
Is 70970173 prime?
True
Is 3303499 a prime number?
True
Is 269881 a prime number?
False
Is 9400661 a prime number?
False
Is 681149657 a composite number?
False
Is 14832427 composite?
True
Is 283653053 composite?
False
Is 441029 prime?
True
Is 639448345 a prime number?
False
Is 1836011 a prime number?
True
Is 1083793 a composite number?
False
Is 128543339 a prime number?
True
Is 2746489 composite?
True
Is 10243591 composite?
False
Is 112402133 composite?
False
Is 575834023 prime?
False
Is 448402079 composite?
True
Is 11680099 prime?
True
Is 19153481 a composite number?
False
Is 22014191 prime?
True
Is 8227207 a composite number?
False
Is 11347183 a prime number?
True
Is 7767269 a composite number?
True
Is 5737889 a composite number?
False
Is 236807 composite?
False
Is 4088267 a composite number?
False
Is 1004786 a prime number?
False
Is 251849 prime?
False
Is 55295287 a prime number?
True
Is 42293047 a prime number?
False
Is 2417243 prime?
True
Is 36312829 a composite number?
True
Is 15742433 a prime number?
False
Is 1596933391 a prime number?
True
Is 17852699 a prime number?
True
Is 5500543 a composite number?
False
Is 91691 a composite number?
False
Is 845947 prime?
False
Is 7035029 a prime number?
False
Is 513653 prime?
False
Is 2686751 a composite number?
False
Is 3119087 prime?
True
Is 95154329 prime?
True
Is 225251035 prime?
False
Is 787243 composite?
False
Is 1816157 composite?
True
Is 6999241 prime?
True
Is 1329065 a composite number?
True
Is 3480311 prime?
False
Is 1393831 composite?
False
Is 69423239 composite?
False
Is 94803131 composite?
True
Is 978821 prime?
True
Is 54533813 composite?
True
Is 3906337 composite?
True
Is 973781 prime?
True
Is 571416791 prime?
False
Is 37117 a composite number?
False
Is 3368489 prime?
True
Is 2843941 composite?
False
Is 51045987 composite?
True
Is 507074059 composite?
False
Is 3157471 a composite number?
False
Is 122990273 a composite number?
True
Is 4066918 prime?
False
Is 9795899 a prime number?
True
Is 15617017 prime?
False
Is 5228809 prime?
False
Is 136649 a composite number?
False
Is 10639819 a prime number?
True
Is 6162951 composite?
True
Is 17881301 a composite number?
False
Is 413291 prime?
False
Is 5170771 composite?
True
Is 40722521 a prime number?
False
Is 181248667 a prime number?
True
Is 6599354 a composite number?
True
Is 3897331 prime?
True
Is 1817879 a composite number?
True
Is 5165939 a composite number?
False
Is 9050903 composite?
True
Is 17674547 composite?
True
Is 137441323 composite?
False
Is 3826103 a composite number?
True
Is 266129 prime?
True
Is 210865727 prime?
False
Is 5809702 a prime number?
False
Is 189647149 a composite number?
False
Is 16538021 a prime number?
False
Is 469355 a prime number?
False
Is 9832061 composite?
False
Is 52800303 prime?
False
Is 97899811 a composite number?
False
Is 23474327 a composite number?
False
Is 12525797 prime?
True
Is 87750847 prime?
True
Is 124348153 a composite number?
False
Is 16733897 a composite number?
True
Is 31684539 prime?
False
Is 7957543 a composite number?
True
Is 60393923 prime?
False
Is 236228089 composite?
True
Is 2558813 prime?
True
Is 1799460755 prime?
False
Is 3078791 prime?
True
Is 17058011 prime?
True
Is 2557747 prime?
False
Is 6511165 a prime number?
False
Is 4568393 a prime number?
False
Is 584849 a prime number?
True
Is 7032313 prime?
True
Is 2847127 a composite number?
False
Is 8572903 a composite number?
False
Is 9313163 a composite number?
False
Is 630469 prime?
False
Is 75127219 prime?
True
Is 1